{"id":69,"date":"2025-04-28T16:56:24","date_gmt":"2025-04-28T14:56:24","guid":{"rendered":"https:\/\/skills.xn--grg-sna.at\/?page_id=69"},"modified":"2025-04-28T17:01:14","modified_gmt":"2025-04-28T15:01:14","slug":"home","status":"publish","type":"page","link":"https:\/\/skills.xn--grg-sna.at\/","title":{"rendered":"Home"},"content":{"rendered":"\n<div class=\"wp-block-columns is-layout-flex wp-container-core-columns-is-layout-28f84493 wp-block-columns-is-layout-flex\">\n<div class=\"wp-block-column is-layout-flow wp-block-column-is-layout-flow\" style=\"flex-basis:66.66%\">\n<div class=\"wp-block-pdf-viewer-block-standard\" style=\"text-align:left\"><div class=\"uploaded-pdf\"><a href=\"https:\/\/skills.xn--grg-sna.at\/wp-content\/uploads\/2025\/04\/2025-01-13-Philosophie.pdf\" data-width=\"\" data-height=\"\"><\/a><\/div><\/div>\n<\/div>\n\n\n\n<div class=\"wp-block-column is-layout-flow wp-block-column-is-layout-flow\" style=\"flex-basis:33.33%\">\n<h2 class=\"wp-block-heading\">Stefan G\u00f6rg<\/h2>\n\n\n\n<p>Mit diesen Gedanken hat es angefangen, und sofern ihr m\u00f6chtet, werde ich diese Homepage weiter ausbauen. <strong>Lasst mir dazu einfach ein paar Kommentare da.<\/strong><\/p>\n\n\n\n<p><\/p>\n\n\n\n<p>Seine St\u00e4rke liegt beim Abschmecken \u2013 er hat ein unfehlbares Gesp\u00fcr f\u00fcr den perfekten Geschmackspunkt. Diese F\u00e4higkeit hat er in wertvollen Stationen seiner Karriere verfeinert und dadurch im G\u00d6RG viele Gerichte von gut zu gro\u00dfartig erhoben:<\/p>\n\n\n\n<ul class=\"wp-block-list\">\n<li>Restaurant-Hotel Obauer | Werfen<\/li>\n\n\n\n<li>Gourmetrestaurant Triad | Krumbach<\/li>\n\n\n\n<li>Interalpen-Hotel Tyrol | Telfs-Buchen<\/li>\n\n\n\n<li>Landhaus Bacher | Mautern<\/li>\n\n\n\n<li>DaVinci | Koblenz<\/li>\n\n\n\n<li>Restaurant Aubergine | Koblenz<\/li>\n\n\n\n<li>Restaurant G\u00d6RG | Katzelsdorf<\/li>\n<\/ul>\n<\/div>\n<\/div>\n","protected":false},"excerpt":{"rendered":"<p>Stefan G\u00f6rg Mit diesen Gedanken hat es angefangen, und sofern ihr m\u00f6chtet, werde ich diese Homepage weiter ausbauen. Lasst mir dazu einfach ein paar Kommentare da. Seine St\u00e4rke liegt beim Abschmecken \u2013 er hat ein unfehlbares Gesp\u00fcr f\u00fcr den perfekten Geschmackspunkt. Diese F\u00e4higkeit hat er in wertvollen Stationen seiner Karriere verfeinert und dadurch im G\u00d6RG [&hellip;]<\/p>\n","protected":false},"author":1,"featured_media":0,"parent":0,"menu_order":0,"comment_status":"closed","ping_status":"closed","template":"","meta":{"footnotes":""},"class_list":["post-69","page","type-page","status-publish","hentry"],"_links":{"self":[{"href":"https:\/\/skills.xn--grg-sna.at\/index.php?rest_route=\/wp\/v2\/pages\/69","targetHints":{"allow":["GET"]}}],"collection":[{"href":"https:\/\/skills.xn--grg-sna.at\/index.php?rest_route=\/wp\/v2\/pages"}],"about":[{"href":"https:\/\/skills.xn--grg-sna.at\/index.php?rest_route=\/wp\/v2\/types\/page"}],"author":[{"embeddable":true,"href":"https:\/\/skills.xn--grg-sna.at\/index.php?rest_route=\/wp\/v2\/users\/1"}],"replies":[{"embeddable":true,"href":"https:\/\/skills.xn--grg-sna.at\/index.php?rest_route=%2Fwp%2Fv2%2Fcomments&post=69"}],"version-history":[{"count":4,"href":"https:\/\/skills.xn--grg-sna.at\/index.php?rest_route=\/wp\/v2\/pages\/69\/revisions"}],"predecessor-version":[{"id":76,"href":"https:\/\/skills.xn--grg-sna.at\/index.php?rest_route=\/wp\/v2\/pages\/69\/revisions\/76"}],"wp:attachment":[{"href":"https:\/\/skills.xn--grg-sna.at\/index.php?rest_route=%2Fwp%2Fv2%2Fmedia&parent=69"}],"curies":[{"name":"wp","href":"https:\/\/api.w.org\/{rel}","templated":true}]}}